 1539721
List the prime factors of 1500325557.
3, 19, 2903, 9067
What are the prime factors of 57795999?
3, 43, 448031
List the prime factors of 159199231.
159199231
List the prime factors of 46304334.
2, 3, 41, 62743
List the prime factors of 44983212.
2, 3, 919, 4079
What are the prime factors of 219217636?
2, 11, 673
List the prime factors of 286336107.
3, 1229, 8629
List the prime factors of 1134859226.
2, 113, 433, 11597
List the prime factors of 19692184.
2, 1409, 1747
List the prime factors of 477355629.
3, 159118543
What are the prime factors of 477938159?
47, 10168897
List the prime factors of 303114628.
2, 251, 301907
What are the prime factors of 962804161?
11, 3733, 23447
What are the prime factors of 25965733?
25965733
List the prime factors of 7607909.
7607909
What are the prime factors of 50371469?
50371469
List the prime factors of 1461273835.
5, 7, 23, 259321
List the prime factors of 86612617.
7, 13, 951787
List the prime factors of 5672147362.
2, 7, 97, 347, 12037
What are the prime factors of 291595802?
2, 47, 1511, 2053
What are the prime factors of 161999069?
17, 1367, 6971
List the prime factors of 435199859.
23, 349, 54217
What are the prime factors of 79674978?
2, 3, 13279163
List the prime factors of 3041834385.
3, 5, 59, 3437101
What are the prime factors of 1154448575?
5, 7, 59, 15973
What are the prime factors of 20130620?
2, 5, 1006531
What are the prime factors of 1054317659?
509, 2071351
List the prime factors of 288220294.
2, 144110147
What are the prime factors of 3015861074?
2, 1507930537
List the prime factors of 26496955.
5, 47, 2399
List the prime factors of 2668690314.
2, 3, 937, 17581
List the prime factors of 71793271.
11, 191, 34171
List the prime factors of 134426050.
2, 5, 11, 244411
List the prime factors of 148690785.
3, 5, 9912719
What are the prime factors of 167031088?
2, 7, 569, 2621
List the prime factors of 4007598817.
4283, 935699
What are the prime factors of 171636022?
2, 85818011
What are the prime factors of 25618982?
2, 12809491
List the prime factors of 48720265.
5, 11, 885823
List the prime factors of 2062038068.
2, 21163, 24359
List the prime factors of 251571583.
89, 173, 16339
List the prime factors of 47252868.
2, 3, 13, 302903
List the prime factors of 122829674.
2, 11, 29, 79, 2437
List the prime factors of 206775460.
2, 5, 10338773
What are the prime factors of 91368423?
3, 47, 61, 3541
List the prime factors of 5799079181.
7, 828439883
List the prime factors of 38244766.
2, 7, 569, 4801
What are the prime factors of 1413434745?
3, 5, 151, 69337
List the prime factors of 60824680.
2, 5, 7, 31033
What are the prime factors of 2834062482?
2, 3, 472343747
List the prime factors of 4130683359.
3, 11, 11379293
List the prime factors of 2474048499.
3, 13, 67, 946823
What are the prime factors of 2917481756?
2, 7, 14885111
List the prime factors of 1847756245.
5, 281, 859, 1531
List the prime factors of 9049156.
2, 607, 3727
List the prime factors of 2396885845.
5, 17, 797, 35381
What are the prime factors of 1509992?
2, 11, 17159
What are the prime factors of 223091556?
2, 3, 1553, 11971
List the prime factors of 871677042.
2, 3, 5413, 26839
List the prime factors of 23213142.
2, 3, 143291
List the prime factors of 804342037.
804342037
List the prime factors of 241150008.
2, 3, 11, 913447
What are the prime factors of 635710794?
2, 3, 367, 288697
List the prime factors of 354341019.
3, 118113673
List the prime factors of 50392302.
2, 3, 43, 195319
List the prime factors of 475709248.
2, 7, 151693
List the prime factors of 77511402.
2, 3, 41, 127, 827
List the prime factors of 51497813.
109, 472457
What are the prime factors of 3860826290?
2, 5, 491, 786319
List the prime factors of 286408751.
1951, 146801
What are the prime factors of 547769379?
3, 97, 1882369
List the prime factors of 437107518.
2, 3, 59, 411589
What are the prime factors of 7546568849?
193, 39101393
What are the prime factors of 955809218?
2, 7, 13, 647, 8117
List the prime factors of 21186082.
2, 23, 31, 83, 179
What are the prime factors of 274976430?
2, 3, 5, 439, 20879
List the prime factors of 1065306024.
2, 3, 14795917
List the prime factors of 5661599028.
2, 3, 1423, 331553
List the prime factors of 54434003.
13, 107, 39133
List the prime factors of 402190004.
2, 100547501
List the prime factors of 115129789.
23, 5005643
List the prime factors of 87698459.
87698459
What are the prime factors of 24079382?
2, 41, 293651
What are the prime factors of 103924397?
337, 359, 859
What are the prime factors of 490222395?
3, 5, 13, 279329
List the prime factors of 2014808063.
2111, 954433
List the prime factors of 1023739448.
2, 139, 631, 1459
What are the prime factors of 72870853?
11, 43, 154061
What are the prime factors of 685660616?
2, 37, 2316421
What are the prime factors of 4773192876?
2, 3, 2371, 55921
What are the prime factors of 380277958?
2, 190138979
List the prime factors of 3028130409.
3, 977, 1033139
What are the prime factors of 726255963?
3, 17, 527419
List the prime factors of 307660911.
3, 7243, 14159
List the prime factors of 1178513685.
3, 5, 43, 203017
What are the prime factors of 1604827098?
2, 3, 7, 17, 749219
What are the prime factors of 100741124?
2, 11, 2289571
List the prime factors of 9256049305.
5, 1851209861
List the prime factors of 199256150.
2, 5, 17, 53, 4423
What are the prime factors of 105256933?
67, 1570999
List the prime factors of 181485591.
3, 7, 17, 508363
List the prime factors of 157880261.
7, 11, 61, 33613
List the prime factors of 490182310.
2, 5, 49018231
List the prime factors of 192838262.
2, 96419131
List the prime factors of 1459919274.
2, 3, 11, 22119989
List the prime factors of 174705158.
2, 17, 5138387
List the prime factors of 5423453119.
7, 19, 1889, 21587
What are the prime factors of 29796186?
2, 3, 7, 709433
List the prime factors of 1334094751.
11, 121281341
What are the prime factors of 26869544?
2, 13, 29, 59, 151
What are the prime factors of 125706497?
7, 193, 93047
List the prime factors of 65055355.
5, 13011071
List the prime factors of 181114980.
2, 3, 5, 3018583
List the prime factors of 198890429.
17, 37, 316201
What are the prime factors of 37002819?
3, 7, 1762039
What are the prime factors of 98579516?
2, 7, 3520697
What are the prime factors of 19880614?
2, 13, 139, 5501
What are the prime factors of 2827998288?
2, 3, 41, 601, 797
What are the prime factors of 397763726?
2, 47, 71, 107, 557
List the prime factors of 670715725.
5, 26828629
What are the prime factors of 775495765?
5, 11, 37, 131, 2909
List the prime factors of 2354463137.
13, 499, 362951
What are the prime factors of 2176100941?
7, 310871563
What are the prime factors of 1963812179?
7, 433, 647909
List the prime factors of 3463767.
3, 17, 22639
List the prime factors of 289007226.
2, 3, 173, 92809
What are the prime factors of 282063583?
282063583
List the prime factors of 342342477.
3, 29, 437219
List the prime factors of 544976917.
7459, 73063
List the prime factors of 19528344.
2, 3, 11, 8219
What are the prime factors of 105710923?
105710923
List the prime factors of 3642929.
743, 4903
What are the prime factors of 458925462?
2, 3, 773, 32983
What are the prime factors of 336118178?
2, 11, 29, 526831
List the prime factors of 192641990.
2, 5, 19264199
What are the prime factors of 133570616?
2, 47, 137, 2593
What are the prime factors of 293679895?
5, 31, 43, 139, 317
List the prime factors of 2702209468.
2, 7, 41, 336263
List the prime factors of 594338977.
67, 677, 13103
What are the prime factors of 677800228?
2, 7, 43, 167, 3371
List the prime factors of 1291935586.
2, 37, 17458589
List the prime factors of 518579295.
3, 5, 13, 53, 50177
List the prime factors of 25998216.
2, 3, 137, 7907
What are the prime factors of 253453386?
2, 3, 71, 594961
What are the prime factors of 455560053?
3, 13, 463, 25229
List the prime factors of 7998705315.
3, 5, 59249669
What are the prime factors of 33066137?
13, 19, 59, 2269
List the prime factors of 162341715.
3, 5, 1217, 8893
What are the prime factors of 634716865?
5, 126943373
What are the prime factors of 69023748?
2, 3, 193, 29803
List the prime factors of 1500713938.
2, 750356969
What are the prime factors of 2585108332?